factors of 7354.
2, 3677
List the prime factors of 160106.
2, 17, 277
List the prime factors of 42886.
2, 41, 523
List the prime factors of 1234.
2, 617
List the prime factors of 477.
3, 53
List the prime factors of 1008.
2, 3, 7
List the prime factors of 25671.
3, 43, 199
What are the prime factors of 29232?
2, 3, 7, 29
List the prime factors of 2036.
2, 509
What are the prime factors of 8995?
5, 7, 257
What are the prime factors of 3264?
2, 3, 17
List the prime factors of 2001.
3, 23, 29
What are the prime factors of 10?
2, 5
What are the prime factors of 23773?
23773
What are the prime factors of 16982?
2, 7, 1213
What are the prime factors of 314?
2, 157
List the prime factors of 68938.
2, 34469
List the prime factors of 4846.
2, 2423
List the prime factors of 182.
2, 7, 13
List the prime factors of 12827.
101, 127
List the prime factors of 957.
3, 11, 29
What are the prime factors of 4375?
5, 7
List the prime factors of 49455.
3, 5, 7, 157
List the prime factors of 7173.
3, 797
What are the prime factors of 802?
2, 401
What are the prime factors of 974?
2, 487
What are the prime factors of 15629?
15629
List the prime factors of 1573.
11, 13
What are the prime factors of 708?
2, 3, 59
List the prime factors of 31226.
2, 13, 1201
What are the prime factors of 7014?
2, 3, 7, 167
What are the prime factors of 10780?
2, 5, 7, 11
What are the prime factors of 20051?
20051
List the prime factors of 30457.
7, 19, 229
What are the prime factors of 14286?
2, 3, 2381
What are the prime factors of 21189?
3, 7, 1009
What are the prime factors of 22500?
2, 3, 5
List the prime factors of 18402.
2, 3, 3067
What are the prime factors of 3251?
3251
What are the prime factors of 38?
2, 19
List the prime factors of 206413.
206413
What are the prime factors of 18882?
2, 3, 1049
What are the prime factors of 42531?
3, 14177
What are the prime factors of 7776?
2, 3
List the prime factors of 141882.
2, 3, 13, 17, 107
What are the prime factors of 24932?
2, 23, 271
List the prime factors of 15963.
3, 17, 313
List the prime factors of 12445.
5, 19, 131
List the prime factors of 12244.
2, 3061
What are the prime factors of 23557?
23557
What are the prime factors of 4882?
2, 2441
List the prime factors of 792.
2, 3, 11
List the prime factors of 27.
3
List the prime factors of 6034.
2, 7, 431
What are the prime factors of 19267?
19267
What are the prime factors of 67110?
2, 3, 5, 2237
What are the prime factors of 1702?
2, 23, 37
What are the prime factors of 51763?
37, 1399
What are the prime factors of 2332?
2, 11, 53
List the prime factors of 77759.
11, 7069
List the prime factors of 7381.
11, 61
List the prime factors of 3554.
2, 1777
What are the prime factors of 816?
2, 3, 17
List the prime factors of 154400.
2, 5, 193
What are the prime factors of 994?
2, 7, 71
List the prime factors of 79603.
23, 3461
List the prime factors of 22524.
2, 3, 1877
What are the prime factors of 480?
2, 3, 5
List the prime factors of 718.
2, 359
What are the prime factors of 90988?
2, 23, 43
What are the prime factors of 10196?
2, 2549
What are the prime factors of 288?
2, 3
List the prime factors of 12292.
2, 7, 439
List the prime factors of 17961.
3, 5987
What are the prime factors of 887?
887
What are the prime factors of 15709?
23, 683
What are the prime factors of 11450?
2, 5, 229
What are the prime factors of 5842?
2, 23, 127
What are the prime factors of 550?
2, 5, 11
What are the prime factors of 20870?
2, 5, 2087
What are the prime factors of 49478?
2, 11, 13, 173
What are the prime factors of 146444?
2, 31, 1181
List the prime factors of 31364.
2, 7841
What are the prime factors of 2765?
5, 7, 79
What are the prime factors of 1245?
3, 5, 83
What are the prime factors of 6630?
2, 3, 5, 13, 17
What are the prime factors of 3044?
2, 761
What are the prime factors of 112?
2, 7
What are the prime factors of 13631?
43, 317
What are the prime factors of 1768?
2, 13, 17
List the prime factors of 40365.
3, 5, 13, 23
What are the prime factors of 33241?
13, 2557
What are the prime factors of 1302?
2, 3, 7, 31
What are the prime factors of 969?
3, 17, 19
What are the prime factors of 35194?
2, 17597
What are the prime factors of 915?
3, 5, 61
List the prime factors of 1830.
2, 3, 5, 61
List the prime factors of 805.
5, 7, 23
What are the prime factors of 2655?
3, 5, 59
List the prime factors of 38.
2, 19
What are the prime factors of 519?
3, 173
List the prime factors of 3390.
2, 3, 5, 113
What are the prime factors of 1072?
2, 67
What are the prime factors of 3676?
2, 919
What are the prime factors of 121376?
2, 3793
List the prime factors of 1152.
2, 3
List the prime factors of 85343.
31, 2753
What are the prime factors of 1177?
11, 107
List the prime factors of 48863.
131, 373
What are the prime factors of 43944?
2, 3, 1831
List the prime factors of 1200.
2, 3, 5
List the prime factors of 520.
2, 5, 13
List the prime factors of 17420.
2, 5, 13, 67
What are the prime factors of 3431?
47, 73
What are the prime factors of 947?
947
What are the prime factors of 142695?
3, 5, 7, 151
List the prime factors of 2274.
2, 3, 379
List the prime factors of 2800.
2, 5, 7
List the prime factors of 8918.
2, 7, 13
What are the prime factors of 80621?
80621
List the prime factors of 54783.
3, 2029
What are the prime factors of 1524?
2, 3, 127
What are the prime factors of 13744?
2, 859
List the prime factors of 10456.
2, 1307
What are the prime factors of 17331?
3, 53, 109
List the prime factors of 8515.
5, 13, 131
List the prime factors of 1093.
1093
List the prime factors of 14644.
2, 7, 523
List the prime factors of 177332.
2, 43, 1031
List the prime factors of 9762.
2, 3, 1627
List the prime factors of 828.
2, 3, 23
List the prime factors of 20985.
3, 5, 1399
List the prime factors of 100.
2, 5
List the prime factors of 3670.
2, 5, 367
What are the prime factors of 71016?
2, 3, 11, 269
List the prime factors of 49261.
49261
List the prime factors of 9079.
7, 1297
List the prime factors of 43785.
3, 5, 7, 139
What are the prime factors of 6907?
6907
What are the prime factors of 17265?
3, 5, 1151
What are the prime factors of 22188?
2, 3, 43
What are the prime factors of 4824?
2, 3, 67
What are the prime factors of 3766?
2, 7, 269
What are the prime factors of 543?
3, 181
List the prime factors of 981.
3, 109
List the prime factors of 31972.
2, 7993
List the prime factors of 129145.
5, 23, 1123
List the prime factors of 104018.
2, 52009
What are the prime factors of 155492?
2, 38873
List the prime factors of 41079.
3, 13693
List the prime factors of 958.
2, 479
List the prime factors of 87064.
2, 10883
List the prime factors of 60.
2, 3, 5
List the prime factors of 18322.
2, 9161
What are the prime factors of 103123?
103123
List the prime factors of 1307.
1307
What are the prime factors of 779?
19, 41
List the prime factors of 3241.
7, 463
List the prime factors of 1219.
23, 53
List the prime factors of 16907.
11, 29, 53
List the prime factors of 138.
2, 3, 23
What are the prime factors of 2030?
2, 5, 7, 29
What are the prime factors of 139540?
2, 5, 6977
List the prime factors of 9289.
7, 1327
What are the prime factors of 15063?
3, 5021
What are the prime factors of 1151?
1151
What are the prime factors of 1484?
2, 7, 53
List the prime factors of 5104.
2, 11, 29
What are the prime factors of 2755?
5, 19, 29
List the prime factors of 63422.
2, 19, 1669
What are the prime factors of 31347?
3, 43
List the prime factors of 24975.
3, 5, 37
What are the prime factors of 133527?
3, 47, 947
What are the prime factors of 84187?
29, 2903
What are the prime factors of 25982?
2, 11, 1181
List the prime factors of 13579.
37, 367
What are the prime factors of 2509?
13, 193
List the prime factors of 67738.
2, 11, 3079
What are the prime factors of 7765?
5, 1553
List the prime factors of 1115.
5, 223
What are the prime factors of 6085?
5, 1217
What are the prime factors of 39262?
2, 67, 293
List the prime factors of 87.
3, 29
List the prime factors of 41917.
167, 251
What are the prime factors of 2122?
2, 1061
List the prime factors of 12039.
3, 4013
What are the prime factors of 6764?
2, 19, 89
List the prime factors of 937.
937
List the prime factors of 1196.
2, 13, 23
List the prime factors of 762.